n(t)?
7
Let m = 14 + 1. What is the tens digit of (-174)/(-10) - ((-36)/m)/(-6)?
1
Let o(d) = 3*d**2 + 3*d + 2. Suppose 3*l + 12 + 12 = 0. Let i be o(l). Suppose -j - 4*g = -4*j + i, -3*j + 2*g + 166 = 0. What is the units digit of j?
4
Suppose 2*z = -0*z - 5*d + 953, 2*d = -4*z + 1914. What is the units digit of z?
9
Let o(f) = 15*f + 3. Let g = -46 - -49. What is the units digit of o(g)?
8
Let q(g) = 11*g**2 + 0*g + 7*g - 10*g**2 + g + 15. What is the units digit of q(-7)?
8
Let h = 5 + -7. Let r be -1 + (2 - 2) + h. What is the units digit of (1/r)/((-3)/279)?
1
Let d = 90 - 85. Suppose u - 62 = -p + 33, d*u + 169 = 2*p. What is the tens digit of p?
9
What is the units digit of 575 - -1*(6 + -5)?
6
Let t = -2 - -9. Let v(s) = 2*s**2 + 9*s - 8. What is the units digit of v(t)?
3
Suppose -2088 = -13*r + 4*r. What is the units digit of r?
2
Let w(a) = -2*a - 8. Suppose -6 = d - 2. Let b be w(d). Suppose 3*q - 5*p - 30 = 33, -4*p = b. What is the tens digit of q?
2
Let m(z) = -z + 1. Let c(g) = g**3 + 11*g**2 - 2. Let l be c(-11). Let h be m(l). Let u(s) = 3*s**3 - 3*s**2 - 1. What is the units digit of u(h)?
3
Let w(a) = -a - 18. Suppose 4*j + j = 0. Let m be w(j). What is the tens digit of (-12)/m + (-230)/(-6)?
3
Suppose 0 = 4*v - 5*k - 3489, 0 = -4*v + 4*k + 1008 + 2480. What is the hundreds digit of v?
8
Let h be (-4)/18 - (-16)/72. Let i(b) = h*b + 5 + 4 - 6*b - 3. What is the tens digit of i(-11)?
7
Let l be -2*(-2)/(-4) - -75. Let p(z) = 2*z**2 - 4*z + 6. Let b be p(-9). Suppose 0 = -5*y + b - l. What is the tens digit of y?
2
Let a(j) = 2*j + 47. What is the units digit of a(-13)?
1
Suppose 0 = -w - 5*h + 59, -4*w + 0*h + 217 = h. Let c be (-4)/(-14) - (-382)/(-14). Let p = c + w. What is the tens digit of p?
2
Let m(q) = -77*q**3 + 4*q**2 - 2*q. Let t be m(1). Let g = 129 + t. What is the tens digit of g?
5
Suppose 2*z + 2 = -3*q + 5, 15 = -z + 4*q. What is the units digit of 14420/56 - (-2 - z/2)?
8
Let f(u) = -161*u - 434. Let s(b) = 19*b + 51. Let i(m) = -5*f(m) - 42*s(m). What is the units digit of i(11)?
5
Suppose o - 554 = 184. Suppose -36 = 6*j - o. What is the tens digit of j?
1
Suppose 2*n + 18*b = 17*b + 278, -n + 133 = 2*b. What is the units digit of n?
1
Let l be 13/5 - 3/5. Suppose -l*p + 90 = 2*f, -2*p + 16 = -f + 64. Suppose 5*y = f + 99. What is the units digit of y?
9
Suppose 3*a - 2*l - 892 = 0, 3*a - 5*l - 877 = -6*l. What is the units digit of a?
4
What is the hundreds digit of 4408/(-24)*(3 + -4)*6?
1
Suppose -k + 1 = -3. Suppose u - 23 - 39 = -4*b, -4*u = -k*b + 72. Suppose 0 = 2*p - 26 - b. What is the tens digit of p?
2
Let v = 97 - -2. What is the tens digit of v?
9
Suppose -3 - 7 = -5*r. Suppose -2*o - 3*d = -3*o - 3, 3*o + 2 = r*d. Suppose o*v = -v + 5, -5*v - 38 = -l. What is the units digit of l?
3
Let d(n) = n - 1. Let h(s) = -1. Let g(i) = -d(i) - h(i). Let m be g(-2). Suppose -2*x + 33 = b, 0 = -x + m*b - 6 - 0. What is the units digit of x?
4
Let j be ((-30)/(-60))/(1/2 + 0). What is the units digit of 3 - -40 - 6/(-1 - j)?
6
Suppose -3*m - 3056 = -2*n, 0*n + 7640 = 5*n + 5*m. What is the hundreds digit of n?
5
Suppose 4*g - 20 = -0. Suppose -5*u = 5*z - 625, g*z = 4*u - 357 - 107. What is the hundreds digit of u?
1
Let y be 9 - (-1 - (3 + -5)). Suppose 2*z = 3*h - 23, 8 = -4*z - 4*h - y. Let a = 7 - z. What is the tens digit of a?
1
Suppose 15*c = -3*l + 11*c + 4190, 3*l - 4*c - 4150 = 0. What is the hundreds digit of l?
3
Suppose 3*g + 3 = 0, 2*q - 3*q + 5*g = -4. Let w be q + (-1 - -15) - -3. Let h = -7 + w. What is the units digit of h?
9
Suppose -6 = y + h - 4*h, 4*h - 15 = -y. Suppose y*c - 7 = -w - 17, -5*c = -w + 22. Let o(r) = r**2 + r. What is the tens digit of o(c)?
1
What is the units digit of (-2 - 0)/((-10)/3520)?
4
Let n(q) = -6*q - 13. Suppose 4*d + 15 = l, -3*l = -0*l - d + 10. What is the tens digit of n(l)?
1
Suppose -5*f + 2*f = 9. Let r = 31 - 20. Let i = r + f. What is the units digit of i?
8
Let p(r) = 7*r**3 - 21*r**2 + 37*r - 1. What is the thousands digit of p(8)?
2
Let p(i) = 3*i + 20. Let s be p(-6). Suppose 2*n = -s*n + 32. What is the units digit of n?
8
Suppose t + j - 370 = -31, 2*t = 4*j + 684. Suppose -4*n - 52 + t = 0. What is the units digit of n?
2
Let u(w) = 6*w**2 - 4*w + 32. What is the hundreds digit of u(6)?
2
Suppose -10 = -o - 6. Let c = 14 + o. What is the tens digit of 11 - (c/2)/(-3)?
1
Suppose 28*f - 17736 = 2704. What is the units digit of f?
0
Let o = 765 + -25. What is the hundreds digit of o?
7
Suppose -536 = -3*y + 4*z + 1266, -3*y = z - 1822. What is the tens digit of y?
0
Suppose -4*n + 3 + 96 = -3*y, -5*y + 2*n = 165. Let r be (-1)/7 - (-3050)/35. Let t = r + y. What is the units digit of t?
4
Let v(t) = 8*t**3 - 5*t**2 + 2*t - 14. What is the tens digit of v(5)?
7
Let u(m) = m**2 + 8*m + 1. What is the units digit of u(4)?
9
Let w = 1885 + -1088. What is the tens digit of w?
9
Suppose -2165 = -13*w + 4400. Suppose -573 = -11*r + w. What is the units digit of r?
8
Let d = -393 + 176. Let n = -132 - d. What is the tens digit of n?
8
Suppose -7*n + 9*n = 46. Suppose 0 = 22*u - n*u + 40. What is the tens digit of u?
4
What is the thousands digit of (-2 + (4 - -6))/2 + 2632?
2
Let s be (-6)/(-14) + (-11)/(-7). Suppose -s*t + 31 = -27. What is the units digit of t?
9
Suppose -h = -2*h + 6. Suppose 0 = 4*l + 3*y - 96, y = h*y. What is the tens digit of l?
2
Let s(f) = 1177*f**2 - 2*f - 2. What is the units digit of s(-2)?
0
Let x(o) = -3*o - 3. Let h be x(-2). Let z be ((-6)/(-3))/((-12)/(-30)). What is the units digit of 9*z*2/h?
0
Suppose -11*k + 903 = 3*h - 9*k, 4*k - 594 = -2*h. What is the hundreds digit of h?
3
Let v = 2 - 14. Let g = -7 - v. Suppose -b - 3*b + 2 = 2*p, -g*p = -b - 27. What is the units digit of p?
5
Let h(x) = 8*x - 7. Let d(s) = -11*s - 5. Let m be d(-2). Let i = 22 - m. What is the tens digit of h(i)?
3
Let r(h) = 27*h**2 + 3*h - 51. What is the hundreds digit of r(7)?
2
Suppose -2 = -t + 3. Suppose 8*c - 693 = t*c. What is the tens digit of 3/2 - c/(-14)?
1
Let r = 677 - 501. What is the tens digit of r?
7
Let k(j) = j**3 + 20*j**2 + 9*j - 15. What is the thousands digit of k(-13)?
1
Suppose -49 = -5*w + 16. Let x(z) = -2*z**2 + 28*z + 12. What is the tens digit of x(w)?
3
Let m be 4/2 + (3 - 2). Suppose 0 = -m*f - f + 268. Let i = f + -31. What is the units digit of i?
6
Suppose 0 = 5*h - 588 - 687. What is the hundreds digit of h?
2
Suppose 11*l - 470 = 8913. What is the hundreds digit of l?
8
What is the tens digit of (-3)/8 - 11209/(-88)?
2
Let p(t) = t**3 + 14*t**2 + 11*t + 14. Suppose 5*h - s = -74, 5*s - 28 + 8 = 0. Let k be p(h). What is the tens digit of 80/k + 375/7?
5
Let g = 102 - 68. Let n be -1 + 4 + 5 + g. Let x = 16 + n. What is the units digit of x?
8
Suppose -3*c + 1273 + 1451 = -5*s, 4*c - 3632 = 4*s. What is the tens digit of c?
0
Let v(w) = w**3 - 9*w**2 + 55*w + 43. What is the units digit of v(17)?
0
Let m(i) = -11*i + 2. Let o(a) = -21*a + 5. Let d(r) = 5*m(r) - 3*o(r). Let c = 63 - 56. What is the units digit of d(c)?
1
Let f = -425 - -737. What is the tens digit of f?
1
Suppose -145 - 23 = 4*r. Let y = r - -99. What is the tens digit of y?
5
Suppose 0 = -h + 39 + 217. What is the units digit of h?
6
Suppose c = 2*z - 864, 5*z + c = 5*c + 2163. What is the tens digit of z?
3
Let g = -1382 + 2687. What is the thousands digit of g?
1
Suppose 4*m + 8 = -0*m. Let a be (12/(0 - m))/(-2). What is the tens digit of -1 - (a + 6 + -27)?
2
Let l(i) = -3*i**3 - 54*i**2 - 72*i + 12. What is the units digit of l(-21)?
3
Let t = -15 - -15. Let b be (2 - 3)*(-49 + t). Suppose -9*r + 8*r = -b. What is the tens digit of r?
4
Let y = 744 - -160. What is the tens digit of y?
0
What is the units digit of 0 + 7 + (468 - -1)?
6
Let f = -12 + 48. Suppose -u + 53 = -y - f, -5*u + y = -449. Let o = 166 - u. What is the tens digit of o?
7
Suppose -2*v = 2*v. Suppose 60 = -v*o + 3*o. Suppose 6 - o = -t. What is the tens digit of t?
1
Suppose -2*h + 321 = -335. What is the tens digit of h?
2
Suppose 7*n = -n + 5824. What is the hundreds digit of n?
7
Let d = 38 + 27. Suppose -2*u + 173 = d. Let b = 77 - u. What is the tens digit of b?
2
Let o(v) = 15 + 6*v + 6*v + 5*v - v**3 - 9*v**2 - 3*v. What is the tens digit of o(-11)?
